.
0
What is the value of (13 - 9) + -8 + 2?
-2
What is the value of (-2 - -7 - 1) + -4?
0
What is the value of (-3 - -3) + 4 + 4?
8
Evaluate -6 + 2 - (3 + 1 - 2).
-6
-5 - ((7 - 1) + (14 - 21))
-4
Evaluate -5 + 4 - (0 - 1).
0
What is the value of (0 - 9 - -3) + 8?
2
Calculate -6 + 2 + -3 + 4 + 3.
0
-1 + -2 + -1 + 0 + 2
-2
What is (-1 - -1 - 1) + 0 + -4?
-5
8 - (5 + (10 - 7))
0
Calculate -4 - 2 - (2 - 3).
-5
What is the value of 8 + -9 + -4 + 0?
-5
Calculate -3 - ((4 - 5) + -6).
4
Evaluate -7 - (13 - 2 - 16).
-2
Calculate (1 - 5) + -2 + 1 + 1.
-4
What is (15 - 8 - 17) + 11?
1
-2 + 0 + (6 - 5) + 1
0
Evaluate -5 - (-1 + -3) - 3.
-4
What is (2 - 0) + (1 - (-10 - -6))?
7
What is the value of 1 + (-2 - -2) - -3?
4
Evaluate -1 - 0 - (-18 + 25) - -6.
-2
Evaluate -11 - (-7 + -3) - (2 + 0).
-3
What is the value of -4 + (9 - 4) - (7 + -2)?
-4
What is -2 - -9 - (0 + 2 + 0)?
5
What is 7 - (-5 - (2 + -5 - 3))?
6
What is the value of 136 - 134 - (0 - 2 - 3)?
7
What is 0 - -10 - (-75 - -86)?
-1
What is the value of 5 + (-1 - -2) + -5 + -5?
-4
What is 5 + (1 - 18) + 9?
-3
Evaluate -29 + 24 + 7 + -1.
1
Evaluate (-1 - (-4 + 6)) + 4.
1
-4 + (-8 - 3 - (1 + -8))
-8
Evaluate -3 + 4 + -2 - (-10 + 6).
3
What is 5 + 36 + -30 + (1 - 18)?
-6
What is the value of -3 + (-2 + 9 + -4 - 0)?
0
Calculate -8 + 3 + 1 + -1.
-5
Calculate 3 + 1 - (132 + -124).
-4
Evaluate -5 - (-5 + (9 - 5)).
-4
Calculate 4 + (-10 - 0) + 8.
2
(8 + -13 - -10) + -7
-2
Evaluate -4 - (-9 + 4 + -1).
2
7 - (1 - (7 + -9))
4
Calculate (-1 - (1 + -1)) + 3 - 6.
-4
What is the value of 10 + 2 + (-7 - -1)?
6
-12 - (-4 - 0) - -2
-6
What is the value of -1 - 6 - (124 - 135)?
4
What is 7 + -2 + 4 + (-2 - 3)?
4
-6 - (-5 - -2) - 2
-5
Calculate 4 - 0 - (-4 + 5).
3
Evaluate -9 - (-2 - (7 + 1)).
1
Evaluate 12 + 0 + (1 - 8).
5
What is the value of (2 - -4) + 2 - 15?
-7
-5 + 4 - ((0 - 3) + 2)
0
What is the value of 1 + (-6 + 7 - (2 - -1))?
-1
What is 0 + (1 + -4 + 2 - -8)?
7
(-14 - (-2 + -1)) + 3 + 3
-5
Calculate 3 + (1 - -6) - (-1 + 5).
6
What is the value of 6 + (-5 - -2 - 0)?
3
What is (2 - 4) + 4 + -5?
-3
2 - (-12 + 12 - (-5 - -3))
0
What is the value of (-3 - -3 - 0) + 2?
2
What is 6 + -4 + 3 + 0?
5
Calculate (3 - (4 + -5)) + 1.
5
Calculate (3 - 18) + 12 + (-3 - -8).
2
Calculate (-1 - 4 - -1) + 9.
5
Evaluate -3 + (-10 + 2 - -10).
-1
What is 6 + (-3 - -3) - 10?
-4
-1 + -1 + 0 + 0
-2
What is (0 - (1 + -3)) + 2?
4
What is the value of -2 + (10 - 0) + (-7 - -4)?
5
What is (-2 + 6 - (-3 + 3)) + 6?
10
Calculate (-15 - (2 - 21)) + -7 + 0.
-3
Evaluate -7 + -2 + 7 + -2.
-4
What is (-5 - -33) + -9 + -14?
5
-2 + (7 + -1 + -2 - 0)
2
Calculate -3 - (8 + (4 - 20)) - -5.
10
-3 + 9 + 2 + -7
1
Calculate -5 + 11 + (-8 - -4) + 2.
4
What is the value of (44 - 33) + 0 + -7?
4
What is the value of -3 + 3 + (-3 + -1 - 0)?
-4
Calculate -1 + 6 - (1 - -8 - -3).
-7
-7 - (-2 - (-1 + 1))
-5
What is the value of 24 + -17 + -13 - (1 - 0)?
-7
Evaluate -4 - (1 - (2 + -1 + 0)).
-4
Calculate -2 + -3 + 0 + 5.
0
What is the value of -2 - (-2 + 2) - -6?
4
What is the value of -3 + 9 + -14 - -6?
-2
What is the value of (1 - (0 + -3)) + -7?
-3
What is (-1 - 3 - -1 - -7) + 0?
4
What is -1 + (-4 - -2 - -8 - 3)?
2
Calculate (-7 - -5 - -5) + -3.
0
Evaluate 3 - ((-2 + 1 - -6) + 0).
-2
Evaluate 0 + (0 - 5) + (10 - -1).
6
Calculate (6 - 3) + -1 + -5.
-3
What is 5 + -7 + 7 + -10 + 0?
-5
What is (-12 - -3) + 6 + -1?
-4
What is -6 - -4 - (-5 + 7 + 2)?
-6
What is the value of 3 - (7 + 0) - (0 + -7)?
3
-6 + 3 - ((-1 - 2) + -10)
10
What is -8 - (-6 + -4 - -2)?
0
What is the value of -5 + -1 + 3 + 2?
-1
-2 - (13 + -14) - 4
-5
Evaluate 5 - (-5 - (1 + -5 + -3)).
3
What is the value of 9 - (2 - (-12 + 6 - -2))?
3
What is the value of (0 - 4) + 8 - 0?
4
What is the value of -56 + 59 - (1 - -5)?
-3
Calculate (-2 - -12) + 0 - (-26 - -25).
11
1 + -7 + 27 + -24
-3
What is 4 - (2 + 2 + -5)?
5
What is the value of (-4 + 2 - -1) + (8 - 11)?
-4
Calculate 1 + (1 - -5) - 6.
1
-8 + 12 - (5 - (1 - -1))
1
Calculate 8 + (8 - 19) + -1.
-4
What is (1 - 1) + (-1 - (1 - 1))?
-1
Evaluate -7 + 4 + (4 - 4).
-3
Evaluate 0 - (-1 + 4 + -7).
4
(-1 - 4) + (65 - 63)
-3
What is the value of 5 + -2 + (1 - 2)?
2
Calculate 6 - 16 - 0 - -5.
-5
Evaluate -7 - (6 - (9 + -1 + -1)).
-6
What is the value of -11 + -1 + 9 + 2?
-1
Evaluate -5 + -6 + 17 + -2.
4
What is the value of -9 + -17 + 37 + 1 + -5?
7
What is the value of -4 - -2 - 5 - -2?
-5
What is 4 + -1 - (2 - -2)?
-1
-16 + (-16 - -47) - (8 + -1)
8
What is -4 - -3 - (-5 + 5 + -4)?
3
Evaluate 0 + -3 - (7 + -1) - -6.
-3
What is the value of (-13 - (7 - 18)) + (2 - 5)?
-5
Evaluate 0 - (2 - 0) - (-22 + 26).
-6
What is 2 + -3 + (4 - 2)?
1
What is the value of 8 - (-2 - -6) - -1?
5
(-2 - -2) + (-2 - -2)
0
What is (6 - -2 - -2) + -5?
5
Evaluate -2 + (7 - -1) + 23 + -32.
-3
-11 + 0 + 6 + 11
6
Evaluate 0 + (0 - 2) + 14 + -11.
1
What is the value of (-2 - 0 - 1) + 1 - -6?
4
Calculate -3 - (-1 - 5 - (-14 - -19)).
8
Evaluate 5 + 2 + -1 - (0 - -14).
-8
Evaluate -3 - (-2 + -5) - 8.
-4
What is (-3 - -3) + 4 + -5 + 0?
-1
(1 - -5) + -18 + 34 + -14
8
Evaluate 0 - (4 + 0 + -2).
-2
Calculate -8 - -19 - (13 - -2).
-4
What is the value of 12 + -17 - (-4 - 3)?
2
Evaluate (4 - -1) + (-10 - -2) + 3.
0
Evaluate -1 - 10 - -17 - (-5 + 4).
7
Evaluate 8 + -3 - -3 - (6 + -1).
3
What is the value of -1 - 3 - (2 + -10)?
4
Evaluate -12 + (-12 - -22) - -3.
1
What is the value of 3 + 13 + (10 - (25 + -8))?
9
What is the value of 6 + -3 - (-2 + -2 - -1)?
6
Evaluate -39 + 46 - (0 + 7).
0
-1 + 5 - (36 - 28)
-4
What is the value of (-3 - (-2 - 4)) + -11 + 13?
5
What is -3 + -3 + 2 + 2 + -3?
-5
Evaluate 6 + -10 - (-8 + 3).
1
What is -2 - (1 - (-1 - -1) - 3)?
0
8 + -4 - 3 - 5 - -4
0
What is (4 - 1) + -40 + 37?
0
(1 - -1) + -2 + 2
2
What is -1 + (0 - 3) + 4?
0
Calculate 3 + 0 + -4 + -2 + 5.
2
Calculate (-14 - 1 - -1) + 148 + -141.
-7
Evaluate (-5 - (-8 + 10)) + 10.
3
What is 1 - (-3 + (-1 - 3) + 7)?
1
What is the value of (-5 - -4) + -2 + -1?
-4
What is 1 - (0 - (17 - 11))?
7
Calculate (1 + -3 - -5) + -3 - 2.
-2
Evaluate -6 + 0 + (4 - (-3 + 4)).
-3
Calculate (16 - 13) + -2 + 1.
2
4 + (-1 - 4) - (-4 + 2)
1
Calculate -1 + -2 - -1 - (5 - 7).
0
Calculate 4 + 0 + 12 + -16.
0
What is -3 + -14 + 7 + 7?
-3
Evaluate (-8 - -1 - -17) + -4.
6
What is the value of 3 + -11 + (1 - (-9 - -5))?
-3
-3 + -5 + -11 + 21
2
Evaluate 3 - ((1 + 0 - -1) + -1).
2
(-3 - 0) + -16 + 15 - -1
-3
Calculate (4 - (0 + 0)) + -3.
1
What is the value of -13 - (-3 + -10 - -10)?
-10
What is 0 - -1 - 5 - (-23 + 21)?
-2
What is 1 + (6 - 1 - 1)?
5
What is 2 - (-6 - -2) - (2 + 7)?
-3
Evaluate 17 - (6 - (9 - 10)).
10
What is -6 - (-14 - (7 + -7 + -2))?
6
What is -3 - (3 + -8 + 5)?
-3
-12 + (9 - 4) - (-3 - 0)
-4
What is the value of 2 - -4 - -2 - (3 - -1)?
4
Calculate 13 + -7 + -12 - 2.
-8
2 + -10 + 3 - (-22 - -16)
1
What is the value of -2 + 0 + (9 - 13)?
-6
Evaluate 29 + -27 + 3 + 0.
5
Calculate 146 + -146 - (-6 + 1).
5
Evaluate -3 - (3 + 1) - -4.
-3
14 - 18 - (-3 + -2 + 2)
-1
What is the value of 0 + (1 - (-3 - -2)) - 4?
-2
What is the value of -2 - (-11 - -9 - (1 - 0))?
1
What is the value of -15 + 12 - (0 + 1)?
-4
What is -10 + 4 - (15 - 24)?
3
What is 4 + (-5 - (2 + -6))?
3
Evaluate 7 + 0 + (-6 - 2).
-1
What is 6 - 2 - (-9 - (-9 + 7))?
11
Calculate -5 + 12 + -5 + 1.
3
What is the value of 1 + -3 + -5 - -3?
-4
What is the value of -1 + 5 + (-1 - -1 - 6)?
-2
Evaluate 6 - (4 + 0 + -3) - 9.
-4
What is -4 - (0 + 2 + -1 - 2)?
-3
What is (-5 - 1) + (201 - 203)?
-8
What is the value of -4 - (-9 + -4 - -6)?
3
What is 1 + 1 + (57 - 59) - -8?
8
Evaluate 1 + -6 - (-4 + 1) - 2.
-4
What is the value of -6 - -4 - (1 - 8) - 7?
-2
Calculate (-10 + -15 - -18) + (1 - -8).
2
Evaluate 1 + -5 + 8 + -1.
3
Calculate (-3 + 1 - -5) + -1.
2
What is 4 - (-3 + (2 - -3)) - 0?
2
What is the value of (0 - 0) + (11 - 8) - -1?
4
-6 - ((-11 - (-6 + 2)) + 3)
-2
What is (1 - (-3 + -3)) + -2?
5
Evaluate -5 + 3 + -6 + 6.
-2
0 + 0 + (3 - 3)
0
Calculate -6 + (-9 - -2 - -9).
-4
What is (-2 - -2 - 0) + (-8 - -6)?
-2
What is the value of (-6 - (9 - 6)) + 4 + 3?
-2
1 - -1 - -5 - (-76 - -83)
0
What is (-3 - -4) + 4 + -5 + -3?
-3
What is the value of 6 + (-2 - 1 - (-13 + 11))?
5
Evaluate 6 + -24 + (-8 - (-24 - -8)).
-10
(0 - -3) + (-289 - -277)
-9
Evaluate 4 + (-4 - -4) + -8.
-